{"id":22,"date":"2024-06-06T12:40:38","date_gmt":"2024-06-06T10:40:38","guid":{"rendered":"http:\/\/pasieka.frufru.pl\/?page_id=22"},"modified":"2025-01-22T15:01:47","modified_gmt":"2025-01-22T14:01:47","slug":"uloterapia","status":"publish","type":"page","link":"https:\/\/pasieka.frufru.pl\/?page_id=22","title":{"rendered":"Uloterapia"},"content":{"rendered":"\n<p>Jest to coraz bardziej rozwijaj\u0105ca si\u0119 ga\u0142\u0105\u017a medycyny naturalnej, apiterapii. Wykorzystuje si\u0119 tu powietrze z ula pszczelego.<br>W domku o wymiarach 2&#215;3 m znajduje si\u0119 min 4-6 rodzin pszczelich (czyli ok. 200 000 pszcz\u00f3\u0142), oddzielone g\u0119st\u0105 siatk\u0105 od wn\u0119trza.<br>Zabiegi polegaj\u0105 na przebywaniu od 15 min do nawet kilku godzin razem z pszczo\u0142ami.<br>Metoda opiera si\u0119 na efekcie dostrojenia cz\u0119stotliwo\u015bci wibracyjnych rodziny pszcz\u00f3\u0142 ze zdrow\u0105 kom\u00f3rk\u0105 naszego organizmu. Ponadto ka\u017cda pszczo\u0142a niesie ze sob\u0105 ujemny \u0142adunek jonowy, kt\u00f3rym wype\u0142nione jest powietrze. W rezultacie cz\u0142owiek oddycha rzadziej i spokojniej, wzrasta wch\u0142anianie tlenu, co poprawia sk\u0142ad krwi, obni\u017ca wysokie ci\u015bnienie krwi, zwi\u0119ksza wydajno\u015b\u0107 organizmu.<br>Pszczo\u0142y emituj\u0105 cenne olejki eteryczne, flawonoidy, z miodu, py\u0142ku, wosku i kitu przez ich ciep\u0142o i wentylacj\u0119, kt\u00f3re generuj\u0105 za pomoc\u0105 skrzyde\u0142ek do powietrza ulowego. Wyodr\u0119bniono ponad 50 substancji korzystnie wp\u0142ywaj\u0105cych na stan naszego samopoczucia.<\/p>\n\n\n\n<p><strong>Uloterapia pomaga leczy\u0107:<\/strong><br>\u2013 bezsenno\u015b\u0107, choroby uk\u0142adu nerwowego (niedow\u0142ad, zapalenie nerw\u00f3w, stwardnienie rozsiane, pora\u017cenie m\u00f3zgowe),<br>\u2013 syndrom ci\u0105g\u0142ego zm\u0119czenia,<br>\u2013 choroby uk\u0142adu moczowego (zapalenie nerek, zapalenie gruczo\u0142u krokowego)<br>\u2013 choroby reumatyczne,<br>\u2013 choroby serca (podwy\u017cszone ci\u015bnienie krwi),<br>\u2013 choroby uk\u0142adu oddechowego (zapalenie oskrzeli, astma oskrzelowa i inne)<br>\u2013 profilaktyka wspomagania leczenia wielu innych chor\u00f3b.<br>Ju\u017c po pierwszym seansie inhalacyjnym odczuwa si\u0119 polepszenie stanu fizycznego i psychicznego oraz przyp\u0142yw si\u0142 witalnych.<br>Pomimo, i\u017c uloterapia jest metod\u0105 naturaln\u0105, przed jej korzystaniem warto zapyta\u0107 lekarza.<\/p>\n\n\n\n<p><strong>Przeciwwskazania do uloterapii:<\/strong><\/p>\n\n\n\n<p>&#8211; uczulenie na wszelkie produkty pszczele,<\/p>\n\n\n\n<p>&#8211; zaawansowana mia\u017cd\u017cyca i kamica nerkowa<\/p>\n\n\n\n<p>&#8211; posiadanie rozrusznika serca,<\/p>\n\n\n\n<p>&#8211; choroby nowotworowe o charakterze z\u0142o\u015bliwym,<\/p>\n\n\n\n<p>&#8211; stany gor\u0105czkowe.<\/p>\n\n\n\n<figure class=\"wp-block-image size-large\"><img loading=\"lazy\" decoding=\"async\" width=\"1024\" height=\"929\" src=\"https:\/\/pasieka.frufru.pl\/wp-content\/uploads\/2025\/01\/ulo3-1024x929.jpg\" alt=\"\" class=\"wp-image-211\" srcset=\"https:\/\/pasieka.frufru.pl\/wp-content\/uploads\/2025\/01\/ulo3-1024x929.jpg 1024w, https:\/\/pasieka.frufru.pl\/wp-content\/uploads\/2025\/01\/ulo3-300x272.jpg 300w, https:\/\/pasieka.frufru.pl\/wp-content\/uploads\/2025\/01\/ulo3-768x697.jpg 768w, https:\/\/pasieka.frufru.pl\/wp-content\/uploads\/2025\/01\/ulo3-1536x1394.jpg 1536w, https:\/\/pasieka.frufru.pl\/wp-content\/uploads\/2025\/01\/ulo3-2048x1859.jpg 2048w\" sizes=\"auto, (max-width: 1024px) 100vw, 1024px\" \/><\/figure>\n","protected":false},"excerpt":{"rendered":"<p>Jest to coraz bardziej rozwijaj\u0105ca si\u0119 ga\u0142\u0105\u017a medycyny naturalnej, apiterapii. Wykorzystuje si\u0119 tu powietrze z ula pszczelego.W domku o wymiarach 2&#215;3 m znajduje si\u0119 min 4-6 rodzin pszczelich (czyli ok. &hellip; <\/p>\n","protected":false},"author":1,"featured_media":185,"parent":0,"menu_order":0,"comment_status":"closed","ping_status":"closed","template":"","meta":{"footnotes":""},"class_list":["post-22","page","type-page","status-publish","has-post-thumbnail","hentry"],"yoast_head":"<!-- This site is optimized with the Yoast SEO plugin v26.5 - https:\/\/yoast.com\/wordpress\/plugins\/seo\/ -->\n<title>Uloterapia - Pasieka Somianka<\/title>\n<meta name=\"robots\" content=\"index, follow, max-snippet:-1, max-image-preview:large, max-video-preview:-1\" \/>\n<link rel=\"canonical\" href=\"https:\/\/pasieka.frufru.pl\/?page_id=22\" \/>\n<meta property=\"og:locale\" content=\"pl_PL\" \/>\n<meta property=\"og:type\" content=\"article\" \/>\n<meta property=\"og:title\" content=\"Uloterapia - Pasieka Somianka\" \/>\n<meta property=\"og:description\" content=\"Jest to coraz bardziej rozwijaj\u0105ca si\u0119 ga\u0142\u0105\u017a medycyny naturalnej, apiterapii. Wykorzystuje si\u0119 tu powietrze z ula pszczelego.W domku o wymiarach 2&#215;3 m znajduje si\u0119 min 4-6 rodzin pszczelich (czyli ok. &hellip;\" \/>\n<meta property=\"og:url\" content=\"https:\/\/pasieka.frufru.pl\/?page_id=22\" \/>\n<meta property=\"og:site_name\" content=\"Pasieka Somianka\" \/>\n<meta property=\"article:publisher\" content=\"https:\/\/www.facebook.com\/profile.php?id=61569200013944&amp;locale=pl_PL\" \/>\n<meta property=\"article:modified_time\" content=\"2025-01-22T14:01:47+00:00\" \/>\n<meta property=\"og:image\" content=\"https:\/\/pasieka.frufru.pl\/wp-content\/uploads\/2025\/01\/Photogenica-PHX573691090.jpg\" \/>\n\t<meta property=\"og:image:width\" content=\"450\" \/>\n\t<meta property=\"og:image:height\" content=\"300\" \/>\n\t<meta property=\"og:image:type\" content=\"image\/jpeg\" \/>\n<meta name=\"twitter:card\" content=\"summary_large_image\" \/>\n<meta name=\"twitter:label1\" content=\"Szacowany czas czytania\" \/>\n\t<meta name=\"twitter:data1\" content=\"1 minuta\" \/>\n<script type=\"application\/ld+json\" class=\"yoast-schema-graph\">{\"@context\":\"https:\/\/schema.org\",\"@graph\":[{\"@type\":\"WebPage\",\"@id\":\"https:\/\/pasieka.frufru.pl\/?page_id=22\",\"url\":\"https:\/\/pasieka.frufru.pl\/?page_id=22\",\"name\":\"Uloterapia - Pasieka Somianka\",\"isPartOf\":{\"@id\":\"https:\/\/pasieka.frufru.pl\/#website\"},\"primaryImageOfPage\":{\"@id\":\"https:\/\/pasieka.frufru.pl\/?page_id=22#primaryimage\"},\"image\":{\"@id\":\"https:\/\/pasieka.frufru.pl\/?page_id=22#primaryimage\"},\"thumbnailUrl\":\"https:\/\/pasieka.frufru.pl\/wp-content\/uploads\/2025\/01\/Photogenica-PHX573691090.jpg\",\"datePublished\":\"2024-06-06T10:40:38+00:00\",\"dateModified\":\"2025-01-22T14:01:47+00:00\",\"breadcrumb\":{\"@id\":\"https:\/\/pasieka.frufru.pl\/?page_id=22#breadcrumb\"},\"inLanguage\":\"pl-PL\",\"potentialAction\":[{\"@type\":\"ReadAction\",\"target\":[\"https:\/\/pasieka.frufru.pl\/?page_id=22\"]}]},{\"@type\":\"ImageObject\",\"inLanguage\":\"pl-PL\",\"@id\":\"https:\/\/pasieka.frufru.pl\/?page_id=22#primaryimage\",\"url\":\"https:\/\/pasieka.frufru.pl\/wp-content\/uploads\/2025\/01\/Photogenica-PHX573691090.jpg\",\"contentUrl\":\"https:\/\/pasieka.frufru.pl\/wp-content\/uploads\/2025\/01\/Photogenica-PHX573691090.jpg\",\"width\":450,\"height\":300},{\"@type\":\"BreadcrumbList\",\"@id\":\"https:\/\/pasieka.frufru.pl\/?page_id=22#breadcrumb\",\"itemListElement\":[{\"@type\":\"ListItem\",\"position\":1,\"name\":\"Strona g\u0142\u00f3wna\",\"item\":\"https:\/\/pasieka.frufru.pl\/\"},{\"@type\":\"ListItem\",\"position\":2,\"name\":\"Uloterapia\"}]},{\"@type\":\"WebSite\",\"@id\":\"https:\/\/pasieka.frufru.pl\/#website\",\"url\":\"https:\/\/pasieka.frufru.pl\/\",\"name\":\"Pasieka Somianka\",\"description\":\"Jedyne takie miejsce\",\"alternateName\":\"Uloterapia Apiterapia\",\"potentialAction\":[{\"@type\":\"SearchAction\",\"target\":{\"@type\":\"EntryPoint\",\"urlTemplate\":\"https:\/\/pasieka.frufru.pl\/?s={search_term_string}\"},\"query-input\":{\"@type\":\"PropertyValueSpecification\",\"valueRequired\":true,\"valueName\":\"search_term_string\"}}],\"inLanguage\":\"pl-PL\"}]}<\/script>\n<!-- \/ Yoast SEO plugin. -->","yoast_head_json":{"title":"Uloterapia - Pasieka Somianka","robots":{"index":"index","follow":"follow","max-snippet":"max-snippet:-1","max-image-preview":"max-image-preview:large","max-video-preview":"max-video-preview:-1"},"canonical":"https:\/\/pasieka.frufru.pl\/?page_id=22","og_locale":"pl_PL","og_type":"article","og_title":"Uloterapia - Pasieka Somianka","og_description":"Jest to coraz bardziej rozwijaj\u0105ca si\u0119 ga\u0142\u0105\u017a medycyny naturalnej, apiterapii. Wykorzystuje si\u0119 tu powietrze z ula pszczelego.W domku o wymiarach 2&#215;3 m znajduje si\u0119 min 4-6 rodzin pszczelich (czyli ok. &hellip;","og_url":"https:\/\/pasieka.frufru.pl\/?page_id=22","og_site_name":"Pasieka Somianka","article_publisher":"https:\/\/www.facebook.com\/profile.php?id=61569200013944&locale=pl_PL","article_modified_time":"2025-01-22T14:01:47+00:00","og_image":[{"width":450,"height":300,"url":"https:\/\/pasieka.frufru.pl\/wp-content\/uploads\/2025\/01\/Photogenica-PHX573691090.jpg","type":"image\/jpeg"}],"twitter_card":"summary_large_image","twitter_misc":{"Szacowany czas czytania":"1 minuta"},"schema":{"@context":"https:\/\/schema.org","@graph":[{"@type":"WebPage","@id":"https:\/\/pasieka.frufru.pl\/?page_id=22","url":"https:\/\/pasieka.frufru.pl\/?page_id=22","name":"Uloterapia - Pasieka Somianka","isPartOf":{"@id":"https:\/\/pasieka.frufru.pl\/#website"},"primaryImageOfPage":{"@id":"https:\/\/pasieka.frufru.pl\/?page_id=22#primaryimage"},"image":{"@id":"https:\/\/pasieka.frufru.pl\/?page_id=22#primaryimage"},"thumbnailUrl":"https:\/\/pasieka.frufru.pl\/wp-content\/uploads\/2025\/01\/Photogenica-PHX573691090.jpg","datePublished":"2024-06-06T10:40:38+00:00","dateModified":"2025-01-22T14:01:47+00:00","breadcrumb":{"@id":"https:\/\/pasieka.frufru.pl\/?page_id=22#breadcrumb"},"inLanguage":"pl-PL","potentialAction":[{"@type":"ReadAction","target":["https:\/\/pasieka.frufru.pl\/?page_id=22"]}]},{"@type":"ImageObject","inLanguage":"pl-PL","@id":"https:\/\/pasieka.frufru.pl\/?page_id=22#primaryimage","url":"https:\/\/pasieka.frufru.pl\/wp-content\/uploads\/2025\/01\/Photogenica-PHX573691090.jpg","contentUrl":"https:\/\/pasieka.frufru.pl\/wp-content\/uploads\/2025\/01\/Photogenica-PHX573691090.jpg","width":450,"height":300},{"@type":"BreadcrumbList","@id":"https:\/\/pasieka.frufru.pl\/?page_id=22#breadcrumb","itemListElement":[{"@type":"ListItem","position":1,"name":"Strona g\u0142\u00f3wna","item":"https:\/\/pasieka.frufru.pl\/"},{"@type":"ListItem","position":2,"name":"Uloterapia"}]},{"@type":"WebSite","@id":"https:\/\/pasieka.frufru.pl\/#website","url":"https:\/\/pasieka.frufru.pl\/","name":"Pasieka Somianka","description":"Jedyne takie miejsce","alternateName":"Uloterapia Apiterapia","potentialAction":[{"@type":"SearchAction","target":{"@type":"EntryPoint","urlTemplate":"https:\/\/pasieka.frufru.pl\/?s={search_term_string}"},"query-input":{"@type":"PropertyValueSpecification","valueRequired":true,"valueName":"search_term_string"}}],"inLanguage":"pl-PL"}]}},"_links":{"self":[{"href":"https:\/\/pasieka.frufru.pl\/index.php?rest_route=\/wp\/v2\/pages\/22","targetHints":{"allow":["GET"]}}],"collection":[{"href":"https:\/\/pasieka.frufru.pl\/index.php?rest_route=\/wp\/v2\/pages"}],"about":[{"href":"https:\/\/pasieka.frufru.pl\/index.php?rest_route=\/wp\/v2\/types\/page"}],"author":[{"embeddable":true,"href":"https:\/\/pasieka.frufru.pl\/index.php?rest_route=\/wp\/v2\/users\/1"}],"replies":[{"embeddable":true,"href":"https:\/\/pasieka.frufru.pl\/index.php?rest_route=%2Fwp%2Fv2%2Fcomments&post=22"}],"version-history":[{"count":6,"href":"https:\/\/pasieka.frufru.pl\/index.php?rest_route=\/wp\/v2\/pages\/22\/revisions"}],"predecessor-version":[{"id":212,"href":"https:\/\/pasieka.frufru.pl\/index.php?rest_route=\/wp\/v2\/pages\/22\/revisions\/212"}],"wp:featuredmedia":[{"embeddable":true,"href":"https:\/\/pasieka.frufru.pl\/index.php?rest_route=\/wp\/v2\/media\/185"}],"wp:attachment":[{"href":"https:\/\/pasieka.frufru.pl\/index.php?rest_route=%2Fwp%2Fv2%2Fmedia&parent=22"}],"curies":[{"name":"wp","href":"https:\/\/api.w.org\/{rel}","templated":true}]}}